7
What are the prime factors of 97338?
2, 3, 16223
What are the prime factors of 1671872?
2, 151, 173
What are the prime factors of 926008?
2, 115751
List the prime factors of 16629545.
5, 53, 62753
List the prime factors of 2484261.
3, 13, 17, 1249
List the prime factors of 10382726.
2, 5191363
What are the prime factors of 2433299?
11, 221209
What are the prime factors of 29378526?
2, 3, 4896421
What are the prime factors of 240192?
2, 3, 139
List the prime factors of 516347.
13, 39719
What are the prime factors of 863527?
7, 17623
List the prime factors of 22480.
2, 5, 281
What are the prime factors of 951819?
3, 11, 28843
What are the prime factors of 1568450?
2, 5, 13, 19, 127
List the prime factors of 513530.
2, 5, 89, 577
What are the prime factors of 2292784?
2, 13, 73, 151
List the prime factors of 237663.
3, 26407
What are the prime factors of 187735?
5, 37547
List the prime factors of 13141.
17, 773
What are the prime factors of 11355247?
47, 241601
What are the prime factors of 5948539?
19, 313081
List the prime factors of 5234825.
5, 209393
What are the prime factors of 228688?
2, 14293
What are the prime factors of 1243531?
19, 65449
What are the prime factors of 293299?
37, 7927
List the prime factors of 24210.
2, 3, 5, 269
List the prime factors of 1079898.
2, 3, 211, 853
What are the prime factors of 201817?
7, 11, 2621
What are the prime factors of 706584?
2, 3, 59, 499
What are the prime factors of 3869933?
47, 82339
What are the prime factors of 221268?
2, 3, 18439
List the prime factors of 729730.
2, 5, 72973
What are the prime factors of 606?
2, 3, 101
What are the prime factors of 116106?
2, 3, 37, 523
List the prime factors of 363466.
2, 263, 691
What are the prime factors of 2236504?
2, 61, 4583
What are the prime factors of 6801576?
2, 3, 167, 1697
What are the prime factors of 24131404?
2, 11, 548441
What are the prime factors of 1311775?
5, 137, 383
What are the prime factors of 392351?
392351
What are the prime factors of 2210752?
2, 34543
List the prime factors of 13108636.
2, 43, 76213
What are the prime factors of 23355300?
2, 3, 5, 127, 613
What are the prime factors of 2256482?
2, 37, 30493
List the prime factors of 1089234.
2, 3, 23, 877
List the prime factors of 442961.
442961
What are the prime factors of 419639?
11, 38149
List the prime factors of 168782.
2, 84391
What are the prime factors of 6587982?
2, 3, 23, 15913
What are the prime factors of 243629?
29, 31, 271
List the prime factors of 4603586.
2, 13, 19, 9319
What are the prime factors of 895835?
5, 179167
What are the prime factors of 1488176?
2, 281, 331
List the prime factors of 420787.
491, 857
List the prime factors of 3014235.
3, 5, 7, 1367
What are the prime factors of 151026?
2, 3, 25171
What are the prime factors of 1828005?
3, 5, 121867
What are the prime factors of 9484619?
9484619
List the prime factors of 3077920.
2, 5, 19237
What are the prime factors of 1269104?
2, 79319
What are the prime factors of 7313801?
11, 664891
List the prime factors of 3015.
3, 5, 67
What are the prime factors of 286697?
286697
What are the prime factors of 38658?
2, 3, 17, 379
What are the prime factors of 29731?
13, 2287
What are the prime factors of 697421?
29, 24049
List the prime factors of 326324.
2, 23, 3547
List the prime factors of 359618.
2, 7, 17, 1511
What are the prime factors of 57998?
2, 47, 617
What are the prime factors of 3070875?
3, 5, 19, 431
List the prime factors of 154485.
3, 5, 3433
What are the prime factors of 16624137?
3, 37, 149767
What are the prime factors of 246265?
5, 49253
List the prime factors of 40359.
3, 11, 1223
What are the prime factors of 370217?
370217
What are the prime factors of 1403272?
2, 13, 103, 131
What are the prime factors of 4370519?
163, 26813
List the prime factors of 27317872.
2, 1707367
List the prime factors of 91979.
19, 47, 103
What are the prime factors of 4086902?
2, 17, 71, 1693
What are the prime factors of 6136171?
31, 131, 1511
List the prime factors of 215700.
2, 3, 5, 719
List the prime factors of 1546918.
2, 29, 149, 179
What are the prime factors of 828454?
2, 11, 37657
List the prime factors of 76621.
193, 397
List the prime factors of 5814010.
2, 5, 421, 1381
List the prime factors of 1829452.
2, 457363
What are the prime factors of 3654202?
2, 1827101
What are the prime factors of 288534?
2, 3, 19, 2531
What are the prime factors of 174992?
2, 10937
What are the prime factors of 632756?
2, 158189
What are the prime factors of 3033024?
2, 3, 15797
List the prime factors of 574446.
2, 3, 19, 5039
List the prime factors of 672399.
3, 7, 13, 821
What are the prime factors of 8988935?
5, 43, 41809
What are the prime factors of 191131?
17, 11243
List the prime factors of 1348845.
3, 5, 89923
What are the prime factors of 9612652?
2, 7, 343309
What are the prime factors of 31063711?
7, 4437673
What are the prime factors of 11595709?
101, 114809
List the prime factors of 834517.
127, 6571
List the prime factors of 314305.
5, 62861
What are the prime factors of 2119434?
2, 3, 37, 9547
List the prime factors of 23560771.
13, 47, 38561
List the prime factors of 386177.
11, 35107
List the prime factors of 6522541.
43, 151687
What are the prime factors of 300032?
2, 293
What are the prime factors of 1123174?
2, 13, 3323
List the prime factors of 290499.
3, 11, 8803
List the prime factors of 233275.
5, 7, 31, 43
List the prime factors of 1261565.
5, 252313
What are the prime factors of 996505?
5, 41, 4861
What are the prime factors of 430698?
2, 3, 23, 3121
List the prime factors of 259495.
5, 51899
List the prime factors of 320993.
257, 1249
List the prime factors of 3867151.
23, 383, 439
What are the prime factors of 48183?
3, 16061
List the prime factors of 1324664.
2, 11, 15053
What are the prime factors of 1066603?
19, 73, 769
List the prime factors of 115474.
2, 57737
What are the prime factors of 1522131?
3, 13, 31, 1259
List the prime factors of 11331192.
2, 3, 472133
What are the prime factors of 101739?
3, 11, 3083
List the prime factors of 20835862.
2, 29, 149, 2411
List the prime factors of 95585.
5, 7, 2731
List the prime factors of 2836447.
2836447
List the prime factors of 6752003.
41, 164683
What are the prime factors of 129791?
107, 1213
What are the prime factors of 205735?
5, 23, 1789
What are the prime factors of 4236779?
4236779
What are the prime factors of 106939?
7, 15277
What are the prime factors of 2367102?
2, 3, 241, 1637
List the prime factors of 759194.
2, 379597
List the prime factors of 14533293.
3, 47, 59, 1747
What are the prime factors of 1482244?
2, 370561
What are the prime factors of 230352?
2, 3, 4799
What are the prime factors of 315245?
5, 7, 9007
What are the prime factors of 140303?
173, 811
What are the prime factors of 1418128?
2, 61, 1453
What are the prime factors of 13247622?
2, 3, 735979
What are the prime factors of 2108699?
2108699
List the prime factors of 477880.
2, 5, 13, 919
List the prime factors of 146608.
2, 7, 11, 17
What are the prime factors of 1503028?
2, 375757
What are the prime factors of 659211?
3, 7, 31391
What are the prime factors of 163913?
19, 8627
List the prime factors of 1947415.
5, 389483
List the prime factors of 197740.
2, 5, 9887
List the prime factors of 1177151.
41, 28711
List the prime factors of 128329.
181, 709
What are the prime factors of 6916204?
2, 1729051
List the prime factors of 375349.
13, 2221
What are the prime factors of 514234?
2, 7, 23, 1597
What are the prime factors of 242135?
5, 79, 613
What are the prime factors of 1353544?
2, 71, 2383
What are the prime factors of 9637104?
2, 3, 19, 10567
What are the prime factors of 13545412?
2, 3386353
What are the prime factors of 14779011?
3, 13, 378949
What are the prime factors of 21988?
2, 23, 239
What are the prime factors of 346862?
2, 173431
List the prime factors of 21319.
21319
What are the prime factors of 371901?
3, 53, 2339
What are the prime factors of 1048561?
911, 1151
What are the prime factors of 2014981?
97, 20773
List the prime factors of 34881773.
17, 331, 6199
List the prime factors of 9061943.
11, 41, 71, 283
List the prime factors of 1148307.
3, 382769
What are the prime factors of 714032?
2, 11, 4057
What are the prime factors of 1444